{"id":135,"date":"2021-01-25T20:50:56","date_gmt":"2021-01-25T20:50:56","guid":{"rendered":"http:\/\/tracizmir.org.tr\/?page_id=135"},"modified":"2021-08-19T17:34:51","modified_gmt":"2021-08-19T17:34:51","slug":"baglantilar","status":"publish","type":"page","link":"https:\/\/tracizmir.org.tr\/index.php\/baglantilar\/","title":{"rendered":"Ba\u011flant\u0131lar"},"content":{"rendered":"\n<p><strong>TRAC Genel Merkezi <br><\/strong><a rel=\"noreferrer noopener\" aria-label=\"TRAC Genel Merkezi (yeni sekmede a\u00e7\u0131l\u0131r)\" href=\"https:\/\/trac.org.tr\" target=\"_blank\">TRAC Genel Merkezi<\/a><br><\/p>\n\n\n\n<p><strong>Kamu Kurum ve Kurulu\u015flar\u0131<br><\/strong><a rel=\"noreferrer noopener\" aria-label=\"Bilgi Teknolojileri ve \u0130leti\u015fim Kurumu (yeni sekmede a\u00e7\u0131l\u0131r)\" href=\"https:\/\/www.btk.gov.tr\" target=\"_blank\">Bilgi Teknolojileri ve \u0130leti\u015fim Kurumu<\/a><br><a rel=\"noreferrer noopener\" aria-label=\"KEGM (K\u0131y\u0131 Emniyeti Genel M\u00fcd\u00fcrl\u00fc\u011f\u00fc) (yeni sekmede a\u00e7\u0131l\u0131r)\" href=\"https:\/\/www.kiyiemniyeti.gov.tr\" target=\"_blank\">KEGM (K\u0131y\u0131 Emniyeti Genel M\u00fcd\u00fcrl\u00fc\u011f\u00fc)<\/a><br><a href=\"https:\/\/www.kiyiemniyeti.gov.tr\/telsiz_mudurlugu\">KEGM Telsiz M\u00fcd\u00fcrl\u00fc\u011f\u00fc<\/a><\/p>\n\n\n\n<p><strong>Uluslararas\u0131 kurum, kurulu\u015f ve sistemler<br><\/strong><a rel=\"noreferrer noopener\" aria-label=\"ARRL (American Radio Relay League) (yeni sekmede a\u00e7\u0131l\u0131r)\" href=\"http:\/\/www.arrl.org\" target=\"_blank\">ARRL (American Radio Relay League)<\/a><br><a rel=\"noreferrer noopener\" aria-label=\"ITU (International Telecommunication Union) (yeni sekmede a\u00e7\u0131l\u0131r)\" href=\"https:\/\/www.itu.int\" target=\"_blank\">ITU (International Telecommunication Union)<\/a><br><a rel=\"noreferrer noopener\" aria-label=\"IARU (International Amateur Radio Union) (yeni sekmede a\u00e7\u0131l\u0131r)\" href=\"https:\/\/www.iaru.org\" target=\"_blank\">IARU (International Amateur Radio Union)<\/a><br><a rel=\"noreferrer noopener\" aria-label=\"DMR Brandmeister (yeni sekmede a\u00e7\u0131l\u0131r)\" href=\"https:\/\/brandmeister.network\" target=\"_blank\">DMR Master System Brandmeister<\/a><br><a rel=\"noreferrer noopener\" aria-label=\"Radio ID (DMR Registration System) (yeni sekmede a\u00e7\u0131l\u0131r)\" href=\"https:\/\/radioid.net\" target=\"_blank\">Radio ID (DMR Registration System)<\/a><br><a rel=\"noreferrer noopener\" aria-label=\"APRS (Automatic Packet Reporting System) (yeni sekmede a\u00e7\u0131l\u0131r)\" href=\"https:\/\/aprs.fi\/#!lat=38.39300&amp;lng=27.09150\" target=\"_blank\">APRS (Automatic Packet Reporting System)<\/a><br><a rel=\"noreferrer noopener\" aria-label=\" (yeni sekmede a\u00e7\u0131l\u0131r)\" href=\"http:\/\/www.tacallbook.org\" target=\"_blank\">TA Call Book<\/a><br><\/p>\n","protected":false},"excerpt":{"rendered":"<p>TRAC Genel Merkezi TRAC Genel Merkezi Kamu Kurum ve Kurulu\u015flar\u0131Bilgi Teknolojileri ve \u0130leti\u015fim KurumuKEGM (K\u0131y\u0131 Emniyeti Genel M\u00fcd\u00fcrl\u00fc\u011f\u00fc)KEGM Telsiz M\u00fcd\u00fcrl\u00fc\u011f\u00fc Uluslararas\u0131 kurum, kurulu\u015f ve sistemlerARRL (American Radio Relay League)ITU (International Telecommunication Union)IARU (International Amateur Radio Union)DMR Master System BrandmeisterRadio ID (DMR Registration System)APRS (Automatic Packet Reporting System)TA Call Book<\/p>\n","protected":false},"author":1,"featured_media":0,"parent":0,"menu_order":0,"comment_status":"closed","ping_status":"closed","template":"","meta":{"footnotes":""},"class_list":["post-135","page","type-page","status-publish","hentry"],"_links":{"self":[{"href":"https:\/\/tracizmir.org.tr\/index.php\/wp-json\/wp\/v2\/pages\/135","targetHints":{"allow":["GET"]}}],"collection":[{"href":"https:\/\/tracizmir.org.tr\/index.php\/wp-json\/wp\/v2\/pages"}],"about":[{"href":"https:\/\/tracizmir.org.tr\/index.php\/wp-json\/wp\/v2\/types\/page"}],"author":[{"embeddable":true,"href":"https:\/\/tracizmir.org.tr\/index.php\/wp-json\/wp\/v2\/users\/1"}],"replies":[{"embeddable":true,"href":"https:\/\/tracizmir.org.tr\/index.php\/wp-json\/wp\/v2\/comments?post=135"}],"version-history":[{"count":33,"href":"https:\/\/tracizmir.org.tr\/index.php\/wp-json\/wp\/v2\/pages\/135\/revisions"}],"predecessor-version":[{"id":234,"href":"https:\/\/tracizmir.org.tr\/index.php\/wp-json\/wp\/v2\/pages\/135\/revisions\/234"}],"wp:attachment":[{"href":"https:\/\/tracizmir.org.tr\/index.php\/wp-json\/wp\/v2\/media?parent=135"}],"curies":[{"name":"wp","href":"https:\/\/api.w.org\/{rel}","templated":true}]}}