{"id":78,"date":"2021-01-25T17:30:10","date_gmt":"2021-01-25T17:30:10","guid":{"rendered":"http:\/\/tracizmir.org.tr\/?page_id=78"},"modified":"2024-03-11T14:36:02","modified_gmt":"2024-03-11T11:36:02","slug":"iletisim","status":"publish","type":"page","link":"https:\/\/tracizmir.org.tr\/index.php\/iletisim\/","title":{"rendered":"\u0130leti\u015fim"},"content":{"rendered":"\n<p class=\"has-text-align-left\">Adres: 75. Y\u0131l Mahallesi 1620\/47 Sokak No:14 Bayrakl\u0131 &#8211; \u0130zmir (35540) T\u00fcrkiye<br><a href=\"info@tracizmir.org.tr\">info@tracizmir.org.tr<\/a> <br>Telefon : +90 (232) 353 00 10<br><br><\/p>\n\n\n<div class=\"everest-forms\"><div class=\"evf-container default\" id=\"evf-86\"><form id=\"evf-form-86\" class=\"everest-form\" data-formid=\"86\" data-ajax_submission=\"0\" data-keyboard_friendly_form=\"0\" method=\"post\" enctype=\"multipart\/form-data\" action=\"\/index.php\/wp-json\/wp\/v2\/pages\/78\"><div class=\"evf-field-container\"><input type=\"hidden\" id=\"_wpnonce86\" name=\"_wpnonce86\" value=\"5c3ff1c6b3\" \/><input type=\"hidden\" name=\"_wp_http_referer\" value=\"\/index.php\/wp-json\/wp\/v2\/pages\/78\" \/><div class=\"evf-frontend-row\" data-row=\"row_1\" conditional_rules=\"[]\"><div class=\"evf-frontend-grid evf-grid-1\" data-grid=\"grid_1\"><div id=\"evf-86-field_fullname-container\" class=\"evf-field evf-field-text form-row validate-required\" data-required-field-message=\"This field is required.\" data-field-id=\"fullname\"><label class=\"evf-field-label\" for=\"evf-86-field_fullname\"><span class=\"evf-label\">Ad\u0131n\u0131z Soyad\u0131n\u0131z<\/span> <abbr class=\"required\" title=\"Required\">*<\/abbr><\/label><input type=\"text\" id=\"evf-86-field_fullname\" class=\"input-text\" name=\"everest_forms[form_fields][fullname]\" required><\/div><div id=\"evf-86-field_email-container\" class=\"evf-field evf-field-email form-row validate-required validate-email\" data-required-field-message=\"Please enter a valid email address.\" data-field-id=\"email\"><label class=\"evf-field-label\" for=\"evf-86-field_email\"><span class=\"evf-label\">E-Posta adresiniz<\/span> <abbr class=\"required\" title=\"Required\">*<\/abbr><\/label><input type=\"email\" id=\"evf-86-field_email\" class=\"input-text\" name=\"everest_forms[form_fields][email]\" required ><\/div><div id=\"evf-86-field_kTxTWh6MPu-1-container\" class=\"evf-field evf-field-text form-row\" data-field-id=\"kTxTWh6MPu-1\"><label class=\"evf-field-label\" for=\"evf-86-field_kTxTWh6MPu-1\"><span class=\"evf-label\">\u00c7a\u011fr\u0131 i\u015faretiniz<\/span> <\/label><input type=\"text\" id=\"evf-86-field_kTxTWh6MPu-1\" class=\"input-text\" name=\"everest_forms[form_fields][kTxTWh6MPu-1]\" ><\/div><div id=\"evf-86-field_ttICDiGXmA-2-container\" class=\"evf-field evf-field-number form-row\" data-field-id=\"ttICDiGXmA-2\"><label class=\"evf-field-label\" for=\"evf-86-field_ttICDiGXmA-2\"><span class=\"evf-label\">Telefon numaran\u0131z<\/span> <\/label><input type=\"number\" id=\"evf-86-field_ttICDiGXmA-2\" class=\"input-text\" name=\"everest_forms[form_fields][ttICDiGXmA-2]\" step=\"1\" \/><\/div><div id=\"evf-86-field_subject-container\" class=\"evf-field evf-field-text form-row validate-required\" data-required-field-message=\"This field is required.\" data-field-id=\"subject\"><label class=\"evf-field-label\" for=\"evf-86-field_subject\"><span class=\"evf-label\">Konu<\/span> <abbr class=\"required\" title=\"Required\">*<\/abbr><\/label><input type=\"text\" id=\"evf-86-field_subject\" class=\"input-text\" name=\"everest_forms[form_fields][subject]\" required><\/div><div id=\"evf-86-field_message-container\" class=\"evf-field evf-field-textarea form-row\" data-field-id=\"message\"><label class=\"evf-field-label\" for=\"evf-86-field_message\"><span class=\"evf-label\">Mesaj\u0131n\u0131z<\/span> <\/label><textarea id=\"evf-86-field_message\" class=\"input-text\" name=\"everest_forms[form_fields][message]\"  ><\/textarea><\/div><\/div><\/div><\/div><div class=\"evf-honeypot-container evf-field-hp\"><label for=\"evf-86-field-hp\" class=\"evf-field-label\">Comment<\/label><input type=\"text\" name=\"everest_forms[hp]\" id=\"evf-86-field-hp\" class=\"input-text\"><\/div><div class=\"evf-submit-container \" ><input type=\"hidden\" name=\"everest_forms[id]\" value=\"86\"><input type=\"hidden\" name=\"everest_forms[author]\" value=\"1\"><button type='submit' name='everest_forms[submit]' class='everest-forms-submit-button button evf-submit ' id='evf-submit-86' value='evf-submit' data-process-text=\"Processing\u2026\" conditional_rules='&quot;&quot;' conditional_id='evf-submit-86'  id=\"evf-submit-86\" aria-live=\"assertive\">Submit<\/button><\/div><\/form><\/div><!-- .evf-container --><\/div>\n\n\n\n<figure><iframe loading=\"lazy\" src=\"https:\/\/www.google.com\/maps\/embed?pb=!1m18!1m12!1m3!1d1561.743932627702!2d27.157018382630856!3d38.4763831601436!2m3!1f0!2f0!3f0!3m2!1i1024!2i768!4f13.1!3m3!1m2!1s0x14bbd7ee51026493%3A0xa4c88cb5cfb8fa64!2zVFJBQyDEsFpNxLBSIEFGRVQgSEFCRVJMRcWeTUU!5e0!3m2!1str!2str!4v1611606371209!5m2!1str!2str\" width=\"700\" height=\"500\" allowfullscreen=\"\"><\/iframe><\/figure>\n","protected":false},"excerpt":{"rendered":"<p>Adres: 75. Y\u0131l Mahallesi 1620\/47 Sokak No:14 Bayrakl\u0131 &#8211; \u0130zmir (35540) T\u00fcrkiyeinfo@tracizmir.org.tr Telefon : +90 (232) 353 00 10<\/p>\n","protected":false},"author":1,"featured_media":0,"parent":0,"menu_order":0,"comment_status":"closed","ping_status":"closed","template":"","meta":{"footnotes":""},"class_list":["post-78","page","type-page","status-publish","hentry"],"_links":{"self":[{"href":"https:\/\/tracizmir.org.tr\/index.php\/wp-json\/wp\/v2\/pages\/78","targetHints":{"allow":["GET"]}}],"collection":[{"href":"https:\/\/tracizmir.org.tr\/index.php\/wp-json\/wp\/v2\/pages"}],"about":[{"href":"https:\/\/tracizmir.org.tr\/index.php\/wp-json\/wp\/v2\/types\/page"}],"author":[{"embeddable":true,"href":"https:\/\/tracizmir.org.tr\/index.php\/wp-json\/wp\/v2\/users\/1"}],"replies":[{"embeddable":true,"href":"https:\/\/tracizmir.org.tr\/index.php\/wp-json\/wp\/v2\/comments?post=78"}],"version-history":[{"count":11,"href":"https:\/\/tracizmir.org.tr\/index.php\/wp-json\/wp\/v2\/pages\/78\/revisions"}],"predecessor-version":[{"id":1043,"href":"https:\/\/tracizmir.org.tr\/index.php\/wp-json\/wp\/v2\/pages\/78\/revisions\/1043"}],"wp:attachment":[{"href":"https:\/\/tracizmir.org.tr\/index.php\/wp-json\/wp\/v2\/media?parent=78"}],"curies":[{"name":"wp","href":"https:\/\/api.w.org\/{rel}","templated":true}]}}